. Let g(o) = -o**2 - 8*o + 2. Give g(y).
14
Let p(j) be the first derivative of 2*j + j**2 - j**3 - 29 - 1/4*j**4. What is p(-3)?
-4
Let z = -1364 + 1353. Let v(q) = -q**3 - 11*q**2 + 4*q + 13. Calculate v(z).
-31
Let b(x) be the first derivative of -x**3/3 + x**2 + 2*x + 44. Let q(g) = g - 8. Let t be q(12). Give b(t).
-6
Let r(c) = -c**2 - 7*c + 7. Let l(u) = 10*u - 33. Let h(x) = -21*x + 66. Let j(a) = -6*h(a) - 13*l(a). Let k be j(10). What is r(k)?
7
Let t(k) be the second derivative of -1/6*k**3 + 0 - 1/2*k**2 - 22*k. Let o(m) = m**3 - m**2 - m. Let d be o(2). Calculate t(d).
-3
Let n(z) be the first derivative of -6 + 5*z - 1/2*z**2. Give n(5).
0
Let h = -4 + 6. Suppose 0 = 3*m - 8 + h, 2*c - 6 = -m. Let n(g) be the second derivative of -g**5/20 + g**4/6 - g**3/2 + g**2/2 - 61*g - 2. Calculate n(c).
-5
Suppose -2*t + 7 = -u, 3*u - 1 = -0*u - 5*t. Let r(v) = -v**3 - 3*v**2 + v - 4. Calculate r(u).
-7
Let z = 150 - 158. Let m(q) = 13*q + 109. What is m(z)?
5
Let f(i) = 2*i - 2. Suppose 0 = 2*p - 3*j - 14, 2*p - 4*j + 6*j + 6 = 0. Calculate f(p).
0
Let i(p) = p**3 - 5*p**2 - 3*p - 6. Suppose -8*k = -3*k - 150. Suppose m + 4*m = k. Calculate i(m).
12
Let w(l) be the first derivative of -6*l + 4*l**2 + 2 - 2 - 1 + 4. Let d(k) = -k + 1. Let u(a) = -10*d(a) - w(a). Give u(5).
6
Let t(z) = -14*z - z**2 + 7*z + 4 - 5 + 11*z. Suppose -3*q + 1 = 13. Let g be 2/((q/(-6))/1). Determine t(g).
2
Let i be (4/(-1))/1 + 494/114. Let r(x) be the third derivative of 2*x**2 + 0*x + 0 + 1/12*x**4 - i*x**3. What is r(5)?
8
Let f = 1541 + -1542. Let r(z) = 11*z. Give r(f).
-11
Suppose -v - 4*v = i - 25, 5*i + 5 = v. Let m(u) = 2*u**2 - 10*u - 4. What is m(v)?
-4
Let b = 10 - 9. Suppose -5*w + b = -4*j - 1, -3*j + w = -4. Let g(a) = 5 + 0 + 3*a**2 - 3 + a**3 - j*a**3 - 3*a. Give g(3).
-7
Let v(f) = -f**2 - 4*f + 5. Let l be v(-6). Let o = l + 1. Let p(t) be the first derivative of t**2/2 + t - 6. What is p(o)?
-5
Let k(m) = 8*m**2. Let x(d) = -13 - 1 + 2*d - d + 1. Let h be x(14). Calculate k(h).
8
Let k = 44 + -41. Suppose -3*w - w + k*v = 12, 0 = -3*v. Let d(l) = -2*l**2 - 2*l + 2. Let y(t) = -4*t**2 - 5*t + 5. Let f(p) = -5*d(p) + 2*y(p). Give f(w).
18
Let f(r) = 2*r + 5. Suppose 2*y - 8 + 27 = 3*i, -i = 4*y + 17. Suppose -i = -3*h - 15. Calculate f(h).
-3
Let h = -13 + 13. Suppose 0 = 2*x - h*x - 4. Suppose 0 = -0*j + x*j - 4*m - 6, -4*j = -4*m - 16. Let n(p) = -p. Determine n(j).
-5
Let u(v) = -1 - 59*v**2 + 29*v**2 - 2 + 31*v**2 - 3*v. What is u(5)?
7
Let n(l) = -l**2 + 5*l + 2. Let b = -42 + 46. Suppose -4*o + b*v = -8, 0*o - 4 = 2*o - 4*v. Calculate n(o).
-4
Let c(k) = 5 - 23*k + 8*k - 2 + 6*k + 11*k. Let s be 3/2 - 1/(-2). Suppose s = 3*f - 4*f. Determine c(f).
-1
Let i(l) = -4*l**2 - 1. Suppose 270*w - 267*w - 3 = 0. What is i(w)?
-5
Let v(c) = 18*c**2 + 10*c - c**3 - 5 - 6*c**2 - 3*c**2. Let g be v(10). Let s(l) = 2*l**2 + 8*l + 4. Calculate s(g).
14
Let s(i) = -8*i + 6. Let z(h) = 11 + 8 - 15*h + 1 - 9. Let n(j) = -5*s(j) + 3*z(j). Let b(q) = -q. Let t(x) = -6*b(x) + n(x). Calculate t(3).
6
Let x = -57 + 58. Let b(f) = -28*f**2. Determine b(x).
-28
Let g(q) = -q - 13. Let h = -237 + 233. Give g(h).
-9
Let t(p) = p**2 - 1. Let n(i) = -10*i**2 - 3*i + 6. Let q(c) = -n(c) - 6*t(c). What is q(-2)?
10
Let q = 34 - -5. Let g(u) = -3*u**2 - 2 + u**2 + q*u - 41*u. Let a = -4 - -2. Give g(a).
-6
Let u(v) = v - 7. Let c = -979 - -983. What is u(c)?
-3
Let v(m) = -2 + 2*m - 4 + 0 + 5. Let i be v(3). Let n(r) = -r - 1. What is n(i)?
-6
Let d(b) be the second derivative of b**4/12 - 7*b**3/6 - 3*b**2/2 - b - 2. Calculate d(6).
-9
Let q(w) = -w**3 + w + 2. Let z be (-15)/(-10)*(-92)/(-3). Let f be (3/(-6))/(1/z). Let j = f - -25. Calculate q(j).
-4
Let u(f) = -f**2 - 15*f + 3. Let r be u(-15). Suppose -y + 2 = -r*y. Let d(x) = x**2 + 1. What is d(y)?
2
Let d(y) = 9*y**3 - y**2 + 12*y - 6. Let v(i) = 16*i**3 + 23*i - 12. Let r(x) = 7*d(x) - 4*v(x). Give r(-5).
-4
Let o(y) = 14*y - 4. Let j(r) = -12*r + 2. Let q(k) = -6*j(k) - 5*o(k). Calculate q(-7).
-6
Let i = -48 - -60. Suppose 11*o = i*o. Let f(d) = 13 - 2*d + 5*d - d**2 - 2*d - d**3. Determine f(o).
13
Let z = 49 + -80. Let k = z - -31. Let r(t) = -2*t**3 + 4*t**2 - 2*t - 7. Let c(o) = 5*o**3 - 11*o**2 + 5*o + 21. Let j(g) = 3*c(g) + 8*r(g). What is j(k)?
7
Let t(p) = 2*p - 8. Let k(j) = 2*j - 8. Suppose -10*d + 6 = -13*d. Let s(z) = d*k(z) + 3*t(z). What is s(7)?
6
Let r be (-2)/2 - (-29 - 1). Let o(l) = -r*l - 33*l + 2 + 56*l. What is o(-2)?
14
Let r(x) = -6 - 3*x - 6 + 11 - x. Suppose 0 = -3*h - 3, 2*h - 2 = -3*k + 2. Determine r(k).
-9
Let r(s) = s**2 - 2*s + 6. Let w(g) be the second derivative of -g**4/6 + g**3/6 - 7*g**2/2 - 21*g. Let n(m) = -3*r(m) - 2*w(m). Calculate n(-5).
1
Let h(s) = -15*s - 33. Let k(f) = -11*f - 24. Let r(p) = -8*h(p) + 11*k(p). What is r(-4)?
4
Let f be (-1)/1*-2 - -1. Suppose -2*o - 22 = 5*u, -o - f = -u - 13. Let q be 3/(-4)*(u + 14). Let j(z) = -z - 3. Determine j(q).
3
Let a(r) = r**3 - 2*r**2 + r - 1. Let o(g) = 3*g**3 - 14*g**2 + 2*g - 6. Let n(v) = -4*a(v) + o(v). Let m(u) = -u - 1. Let y be m(5). Determine n(y).
10
Let g(h) = 2*h**2 - 3*h - 5. Suppose 16 = 2*t + 4*c, -5*t = -c + 4*c - 26. Let s = 8 - t. Give g(s).
15
Let j(x) = 3*x - 48. Suppose -4*a = 27*f - 30*f + 39, 0 = f - 5*a - 2. Determine j(f).
3
Let g be 4/6 - 2/(-6). Let n(c) = -3 + 2*c - 5*c - c - g. Determine n(-5).
16
Let p(t) = -109*t + 108*t + 17 + 5 - 16. Let b be (32/20)/(2/10). Determine p(b).
-2
Suppose 0 = -6*g + 4*g. Let k(x) be the second derivative of 0 + 0*x**3 - 1/12*x**4 + 19*x + 7/2*x**2. Calculate k(g).
7
Let t(l) = -4*l**3 + 2*l - 6. Let z be t(-3). Let c(a) = a - z*a**3 + 49*a**3 - 1 + 50*a**3 - a**2. Let n be -1 + 2 - 0/1. Determine c(n).
2
Let m(x) = -2*x + 9. Suppose z - 4*o - 97 = 0, -z + 5*z + o = 422. Let b = -96 + z. Determine m(b).
-9
Suppose 0 = -5*k - 5, 4*b + 2*k = 4*k + 14. Let d(m) = -m**2 + 2*m**b + 8*m**3 + 0*m**2 - m**3. What is d(1)?
8
Let x be (3/(-4))/(2/(-24)). Suppose 4 - x = t. Let r(p) = 3*p + 5. Determine r(t).
-10
Let r(b) = -3*b**3 - 2*b**2 + 1. Let p be (-5)/(-10)*(-2 + 4). What is r(p)?
-4
Let j(u) be the first derivative of u**3/3 - 4*u**2 + 16*u + 157. What is j(3)?
1
Let v(q) be the first derivative of -12 - 1/2*q**2 - 7*q. Give v(5).
-12
Suppose 0 = 4*c - 4*v + 352, -2*c - 232 = -5*v - 41. Let r = c + 84. Let f(n) = n**3 + n**2 - 2*n + 1. Determine f(r).
1
Let m(t) = -t**2 + 6*t + 4. Let v be m(5). Suppose 0 = 3*r - v*r + 30. Let s(g) be the first derivative of -g**2/2 - 5*g - 1. Calculate s(r).
-10
Let a(g) = g**2 + 6*g + 3. Let w be a(-3). Let m(d) = 5*d. Let j(s) = 4*s - 1. Let p(x) = -6*j(x) + 5*m(x). Give p(w).
0
Let y(t) = -5*t**2 - 1. Let z(i) = i**2 + 4*i + 1. Let p(q) = -q + 17. Let g(x) = -1. Let o(u) = -5*g(u) - p(u). Let s be o(8). Let j be z(s). Calculate y(j).
-6
Suppose -3*a = 5*a - 12*a. Let m(z) = -z**2 + 4*z + 4. Let j(v) = 2*v**2 - 9*v - 7. Let t(c) = 3*j(c) + 7*m(c). What is t(a)?
7
Let f(q) be the second derivative of -q**5/20 + q**4/4 + 5*q**3/6 - 5*q**2/2 + 145*q. Let k be 2*1 + (-4 - -6). Give f(k).
-1
Let h(d) = -d**2 + d. Let x(r) = r + 10. Let l be x(-11). Let m be (((-4)/1)/(-4))/l. Let w(b) = -4*b**2 - b + 5. Let n(o) = m*w(o) + 3*h(o). What is n(-4)?
-5
Let x(k) = -6. Let w(u) = u**2 + 5*u + 21. Let c(s) = -w(s) - 4*x(s). Determine c(-6).
-3
Let h(l) = -l**3 + l**2 + l. Let g(d) be the second derivative of d**5/5 + d**4/6 - 2*d**3/3 - d**2/2 + 5*d. Let y(q) = -g(q) - 5*h(q). Determine y(7).
-6
Let w = 66 + -66. Suppose w = -16*a + 13*a - 9. Let x(g) = 2*g**3 + 3*g**2 - 3*g + 3. Calculate x(a).
-15
Let x(t) be the first derivative of -2*t**3 + 18 + 3*t - 3*t**2 - 1/4*t**4. Suppose -2*s - 2*s - 3*r = 35, 0 = 5*s - 5*r. What is x(s)?
8
Let s(w) = w**2 + 3*w - 1. Let l(t) = t**3 - 4*t**2 - 6*t - 2. Let y be l(5). What is s(y)?
27
Let q(p) be the first derivative of p**2/2 + 68. Calculate q(-5).
-5
Suppose 9*g - 3*g - 24 = 0. Let s(j) = j**2 + 3*j + 3. What is s(g)?
31
Let s(j) be the first derivative of j**3/3 + j**2/2 - 2*j - 110. Give s(-7).
40
Let p(s) be the first derivative of -1/4*s**4 + 7*s + 4/3*s**3 + 17 + 2*s**2. Calculate p(5).
2
Suppose 20 = -24*q + 28*q. Let t(m) = -m + q*m + 1 - 5*m + 6*m**2. What is t(1)?
6
Suppose